. Determine z(4).
-1
Suppose -11 = p + 5*a - a, -4*p - a + 1 = 0. Let x(q) = -p + 12 + 628*q - 627*q. Give x(-11).
0
Let g(d) = d**3 + 3*d**2 - 4*d - 5. Let o be g(-4). Let f(l) = -l**2 - 6*l + 7. Let h be f(o). Let a be (3/h*-2)/((-3)/6). Let w(p) = 7*p. What is w(a)?
7
Let m(a) = 18*a**3 + 6*a**2 - 6*a + 28. Let x(g) = 90*g**3 + 28*g**2 - 29*g + 130. Let t(o) = -14*m(o) + 3*x(o). Determine t(-1).
-17
Let q(t) = t**3 + 6*t**2 - 18*t + 7. Suppose 5*n - 15 = 0, -3*x + 2*n - 7 = 23. Calculate q(x).
23
Suppose -4*a + 9*a - 24 = 2*r, -3*a + 4 = 4*r. Let g be ((-2)/3)/(-1*8/12). Let f(c) = c + g + 8*c - 8*c. What is f(r)?
-1
Let q(a) = -2*a - 8. Let k(f) = f**2 + 14*f + 26. Let t be k(-12). Let c be 245/30 + t/(-12). Suppose -1 = c*m + 55. Calculate q(m).
6
Let i(x) = x**3 + 2*x - 3. Let q = 48 + -42. Let t(f) = -f**2 + 7*f - 13. Let w be t(q). Let n(p) = p**3 + 9*p**2 + 13*p - 5. Let c be n(w). Determine i(c).
9
Let g(c) be the first derivative of -c**4/4 - 8*c**3/3 + 9*c**2/2 + c + 36. Let l = 82 - 48. Let j = 25 - l. Give g(j).
1
Let y be (1 - (-4)/(-16)) + (-196)/(-16). Let l(b) = b - b + b - 1 + y. What is l(0)?
12
Let v(h) = -h**3 - 27*h**2 - 27*h - 5. Let m = 26117 + -26143. Give v(m).
21
Let t = 884 - 880. Let s(p) = p**2 - 16*p + 58. Give s(t).
10
Let t be -16 - (8/(-112)*0 - 9). Let a(s) = s**3 + 6*s**2 - 10*s - 1. Determine a(t).
20
Suppose 0 = 2*v + 5*t + 52, -t = -35*v + 33*v + 20. Let p(o) = -2*o + 4 - o**3 - o**2 - 2*o + 5*o**2. Determine p(v).
-12
Let n(q) = 32*q**2 - 2*q + 9. Let z(v) = -11*v**2 + v - 1. Let p(a) = n(a) + 3*z(a). What is p(-9)?
-84
Let p(w) = -3 + 8*w**2 + 2*w + 10 - 5 + 0*w + 5. Let k(q) = -q**3 + q + 1. Let x(o) = -k(o) - p(o). What is x(8)?
-32
Let y(z) = -16 + 11*z**2 + 246*z + z**2 - 43*z**3 + 42*z**3 - 253*z. What is y(11)?
28
Let c(h) = 2*h - 48. Let f = -1113 + 1139. Calculate c(f).
4
Let a(h) = 10*h + 1. Let m(j) = -j + 2. Suppose 16*n + 23 + 25 = 0. Let x be -2*(-36)/(-9)*n/8. Let o be m(x). Give a(o).
-9
Let b(y) = -3*y**2 - 27*y - 82. Let j = -28248 - -28243. What is b(j)?
-22
Suppose -4*w = 5*x - 51, 0 = -51*w + 54*w - 5*x + 23. Let q(c) = c**2 - 4*c + 7. What is q(w)?
7
Let s be 28/(-63)*-69 + 2/6. Suppose -p = -5*v - 21, 53 = 4*p - 2*v - s. Let q(u) = 4 - 22*u**2 - 2 + p*u**2. Determine q(-3).
-7
Let g(a) = a**2 - 7*a + 5. Let z = -420 + 428. Suppose -39 - 17 = -z*m. What is g(m)?
5
Let d(q) = 28*q + 2. Let p be d(1). Suppose 2*n - p = n + 2*h, 4*h = -2*n + 20. Let i = -13 + n. Let o(z) = z**2 - 7*z + 2. Give o(i).
2
Let o(c) = 24*c + 38. Let l = -18369 - -18366. What is o(l)?
-34
Let z(l) = l**2 + 12*l - 1. Let g(h) = 21*h - 101. Let u be g(5). Suppose -2*m = -5*n - 4*m - 58, 0 = -u*n + 4*m - 24. Calculate z(n).
-21
Let a(k) = -58*k**2 + 7*k + 14. Let z(q) = 25*q**2 - 3*q - 7. Let d(y) = -3*a(y) - 7*z(y). Let r = -2 + 2. Determine d(r).
7
Let b(u) = -5*u + 9. Let z = -87 - -78. Let d(v) = v - 2. Let c(q) = z*d(q) - 2*b(q). Let s(o) = o**3 + 21*o**2 - 4. Let t be s(-21). What is c(t)?
-4
Let n(v) = 5 + 0*v**2 + 185*v + 180*v + 3*v**2 - 356*v. Give n(-3).
5
Let s(i) be the first derivative of i**2/2 - 7*i - 144. Let g be 20/80*(-40)/(-2). Suppose -2*a = -a + 2*l, g = 2*a + 3*l. Calculate s(a).
3
Let r(q) = -4*q. Let b be r(-1). Let z = 13076 - 13088. Let v = b + z. Let a(o) = o**3 + 8*o**2 - o - 9. Give a(v).
-1
Let b be 2/8 + 7/4. Suppose b*a = a. Let j(m) = -250*m - 142. Let t(r) = 77*r + 45. Let k(q) = 4*j(q) + 13*t(q). Give k(a).
17
Suppose -181*b + 186*b = 0. Let a(s) be the first derivative of b*s - 12 - 1/3*s**3 + 0*s**2. Determine a(-2).
-4
Let b(p) = -p**2 - 3*p - 8. Let y be b(-2). Let m(k) = k**2 - 1. Let x(f) = f**3 - 12*f**2 + f + 11. Let s(g) = y*m(g) - x(g). Give s(6).
-11
Let k(d) be the third derivative of d**6/120 - 3*d**5/20 + 7*d**3/6 - 3553*d**2. What is k(9)?
7
Let u(x) be the third derivative of 1/24*x**4 - x**2 + 0*x + 0 + 1/12*x**5 - 5/6*x**3 - 1/120*x**6. Determine u(5).
0
Let n(v) = 4*v + 17. Let r(m) = -4*m**3 + 100*m**2 + 12*m - 305. Let o be r(25). What is n(o)?
-3
Let i(n) = -20*n**2 + 4*n - 3 - 6*n**2 - 4*n**3 - 13*n**2 + 38*n**2. Determine i(2).
-31
Let v(r) = -4*r**2 - 150 + 150 + 0*r**2. Let n = -2751 + 2750. Calculate v(n).
-4
Let j(q) be the second derivative of q**5/60 - q**4/8 + 7*q**3/6 + 32*q**2 - 10*q - 1. Let z(t) be the first derivative of j(t). Calculate z(3).
7
Let s(b) = -7*b + 87. Let f(g) = -g + 51. Let l(a) = 2*f(a) - s(a). Determine l(-7).
-20
Let v(n) = -17*n - 390. Let x be v(-23). Let t(c) = -9*c + 7. Let d(y) = -26*y + 20. Let m(b) = 6*d(b) - 17*t(b). Determine m(x).
-2
Let n = 7630 + -7630. Let i(v) = -4*v**2 - 3*v + 2. Give i(n).
2
Suppose -z - 21 = 4*d, -3*z = d - 0*d + 19. Let m be (0 - 2/d) + (-104)/(-16). Let s(v) = -v - 3 + m*v - 5*v. Calculate s(-6).
-9
Let i(w) = -6*w - 3. Let c(s) = -7*s - 1. Let m(v) = -2*c(v) + i(v). Determine m(-1).
-9
Suppose 420 + 1071 = 21*p. Let d(b) = -1 - 31*b + 5*b**2 - 6 + p*b - 31*b + 2*b**2 - b**3. Give d(8).
1
Let q(n) = -4 - 50*n**3 - 51*n**3 - 2*n + 145*n**3 - 45*n**3 + 6*n**2. Let h = -58 + 63. Give q(h).
11
Let a be ((-8)/6)/((-2)/3). Let i(z) = -z**a - 7 + 0*z - 5*z - z. Suppose -120 + 25 = 19*r. Calculate i(r).
-2
Let u(r) = -2*r**3 + r**2 + 5*r + 5. Let h = -11 - -8. Let d(t) = -t**3 + t**2 + t + 1. Let f(y) = h*d(y) + u(y). Suppose -o + 214 = -11*o + 234. What is f(o)?
6
Let y(s) = -6*s - 18. Let m be y(-5). Suppose -3*t = t - m. Let k(u) = -u**t - 2*u**2 + 4*u**2 - u**2 + 5 + 1. What is k(0)?
6
Let s(x) = 3*x + 40. Let u = -9014 + 9000. Determine s(u).
-2
Let t = 592 - 550. Let k be (4 - t/9)*3. Let b(c) = c**3 + 5*c**2 + 2*c + 2. Calculate b(k).
10
Let o(n) = -110*n + 6. Let s(q) = -1076*q + 59. Let x(t) = 49*o(t) - 5*s(t). Let c(z) = z**3 + 6*z**2 + 5*z + 1. Let p be c(-5). Let v = 0 + p. Give x(v).
-11
Suppose 1806*c - 40 = 1802*c. Let n(z) = 5*z**3 - 18*z**2 - z - 2. Let g(m) = 14*m**3 - 52*m**2 - 2*m - 7. Let h(u) = 4*g(u) - 11*n(u). Determine h(c).
24
Let u(s) = s**3 - 4*s**2 - 4*s + 2. Suppose 3*b - 4 = 11. Suppose -5*j + 25 = -4*j + b*x, j + x - 41 = 0. Suppose 9*i + 0 = j. Determine u(i).
7
Let z(i) = i + 10. Let m = -788 + 570. Let r = 205 + m. What is z(r)?
-3
Let h(j) be the first derivative of -j**3/3 - 4*j**2 - 9*j - 508. Determine h(-9).
-18
Let g(s) = s**2 + 250*s - 1527. Let i be g(6). Suppose -7*y = d - 2*y - 32, -2*d - 4*y + 40 = 0. Let z(o) = -d + 3*o - 14*o + o**2 + 3*o. Determine z(i).
-3
Let t(b) = 2*b + 8. Suppose -3*k - 2*x - 80 = 138, 5*x + 90 = -k. Let g = 70 + k. Let q be -11 + (g - -2) - (0 - 2). What is t(q)?
-6
Let q(d) = 22073*d**2 - 22068*d**2 + 8 - 8*d - 11 + d**3. Give q(-6).
9
Let k(d) = -7*d**2 - 11*d + 23. Let w(q) = 10*q**2 + 18*q - 36. Let t(r) = -8*k(r) - 5*w(r). Give t(-2).
24
Let q(y) = y**3 + 7*y**2 + y + 10. Let a(l) = -9*l - 50. Let m be a(-6). Suppose -s = m + 3. What is q(s)?
3
Let f = 65 - 58. Let o(v) = v**2 - 9*v + 17. Let a be o(f). Suppose -5*u = 4*p - 21, -p - 4*p + 23 = a*u. Let q(x) = 3*x. Calculate q(u).
3
Let n(a) = a**2 - 43*a + 257. Let i(s) = -1040*s - 10393. Let d be i(-10). Calculate n(d).
5
Let k be (-6)/1 + 20/70*7. Let w be 3/(-6)*(1 - -1). Let p(d) = -5. Let z(r) = -r + 1. Let q(u) = w*p(u) - 4*z(u). Calculate q(k).
-15
Let z(o) = 6*o**2 + o - 3. Let a = -238 - -236. What is z(a)?
19
Let q(a) = a**2 - 3*a + 4. Let v be (12/16)/(1/(-4)). Let i be (1 + (0 - -5))*(-2)/v. Give q(i).
8
Let f(v) = -6533*v**2 - 1 + 3272*v**2 + 3279*v**2 + 5 + 23 - 18*v - v**3. What is f(17)?
10
Suppose -98*k - 151 - 6295 = -391*k. Let z(f) be the third derivative of 0 + 1/24*f**4 - k*f**2 + 0*f + 1/6*f**3. Give z(-7).
-6
Let q(v) = 5*v - 2*v - 4*v. Let k(l) be the third derivative of -7*l**4/24 + 7*l**3/6 + 1785*l**2. Let t(w) = k(w) - 6*q(w). What is t(0)?
7
Let p(z) be the third derivative of z**6/120 - 7*z**5/30 + z**4/12 + 7*z**3/6 - 6207*z**2 + 1. Determine p(14).
35
Let g be -6 + 4 - 0 - 3. Let b(m) = -47*m - 4 - 2 + 46*m. Calculate b(g).
-1
Let h = 211 + -185. Suppose h*a - 28*a + 4 = 0. Let b(q) = 0 + 0 - 5*q + 3. What is b(a)?
-7
Let q(y) = -86*y + 10 + 259*y - 92*y - 82*y. Let f(x) = x**2 + x - 12. Let d be f(-5). Suppose 0 + 0 = d*p. Calculate q(p).
10
Let u(b) = -3 - 2 + 0*b**2 - b**2 - 7*b. Suppose 27*a - 121 = -391. Let t be a/((24/(-32)